mainder when c is divided by 14.
11
Let q = -3 + 5. Suppose -2 = q*p - 18. Suppose 0 = -4*z - 2*u + 50, p*u + 5 = 3*u. Calculate the remainder when 38 is divided by z.
12
Let t be ((-14)/14)/(2/(-14)). Let w = t - 1. Calculate the remainder when 11 is divided by w.
5
Let t(a) = 12*a + 10. Calculate the remainder when t(3) is divided by 12.
10
Let p be 0/(-2)*(-1)/2. Suppose p*a - 10 = -a. Let t(c) = c**3 + 4*c**2 + 2*c. What is the remainder when a is divided by t(-2)?
2
Let f(x) = -x**2 - 14*x - 21. Calculate the remainder when f(-8) is divided by 15.
12
Suppose 4 = 4*r - 2*d, r - 1 = -5*d + 2*d. What is the remainder when r is divided by 1?
0
Let v(q) = -4*q + 138. What is the remainder when 13 is divided by v(34)?
1
Let s = -2 + 1. Let m be (-6)/2 - -7 - -1. Let d = s + m. Calculate the remainder when 7 is divided by d.
3
Let a = -31 + 54. What is the remainder when 89 is divided by a?
20
Let y = -27 + 30. What is the remainder when 9 is divided by y?
0
Let k(p) = -2*p - 3. Let i be k(-2). Suppose -2*b = 5 + i. Let q = 5 + b. What is the remainder when 4 is divided by q?
0
Let i be 2/((-38)/18 - -2). Let c = i + 36. Calculate the remainder when 53 is divided by c.
17
Calculate the remainder when 244 is divided by ((-1)/2)/(2/(-52)).
10
Let f(a) = a**3 - 2*a**2 - 4*a - 4. Let y be ((-1026)/(-45))/(3/10). Let k = y - 50. Calculate the remainder when f(5) is divided by k.
25
Let t = 6 + -1. What is the remainder when (-2)/(-3) - 98/(-6) is divided by t?
2
Suppose -4*r - 2*i = i - 77, 0 = 5*r + 5*i - 100. Calculate the remainder when r is divided by 162/36 + 6/4.
5
Let r = 35 + -24. Suppose 4*t + 3*s - 83 = 0, 3*t - 4*s = -2*t + 96. What is the remainder when t is divided by r?
9
Let x = 59 - 10. What is the remainder when x is divided by 5?
4
Suppose k = 4*k - 42. Calculate the remainder when 41 is divided by k.
13
Suppose 58*z - 56*z = 32. Calculate the remainder when 1/(-1 + (-46)/(-45)) is divided by z.
13
Let s(i) = i**3 + 5*i**2 - 7*i - 4. What is the remainder when 7 is divided by s(-6)?
1
Let x(z) = -2*z + 18. Calculate the remainder when 194 is divided by x(-5).
26
Suppose 4*f = f + 45. Calculate the remainder when 41 is divided by f.
11
Let l = 0 + 4. Suppose l = -g + 2*g. What is the remainder when 6 is divided by g?
2
Let u = 8 + -11. Let p be (4 + u + -2)*-2. Suppose -5*l + 43 = -3*t - 112, 4*l - p*t = 124. Calculate the remainder when l is divided by 16.
15
Suppose 40 = -0*b + b. Suppose -g - s = 3*g - 55, -5*g = -5*s - 75. Calculate the remainder when b is divided by g.
12
Suppose -6 = a - 99. Suppose 6*k - 9*k = -a. Calculate the remainder when k is divided by 8.
7
Suppose 5*f + 46 = 3*h, -4*h - 3*f - 36 = -107. Calculate the remainder when 48 is divided by h.
14
Let u(v) = v + 50. Calculate the remainder when 226 is divided by u(-12).
36
Suppose 0*j - 228 = -2*j. What is the remainder when j is divided by 30?
24
Let t be (16/(-12))/((-1)/6). Suppose -2*d = 10, 0 = 5*q - t*d + 3*d + 195. Let g = 79 + q. Calculate the remainder when g is divided by 18.
17
Suppose -2*i = 2*d - 28, -2*d - 5*i - 3 = -40. Calculate the remainder when 64 is divided by d.
9
Suppose -4*a + 3 = 11. Calculate the remainder when 11 is divided by a*(-4)/(8/5).
1
Let i(d) be the second derivative of 7*d**3/6 + 3*d**2/2 + 3*d. Calculate the remainder when i(4) is divided by 11.
9
Let z(y) = -3*y + 6. Calculate the remainder when 33 is divided by z(-4).
15
What is the remainder when ((-744)/10 - 2/(-5))*-1 is divided by 26?
22
Let x(z) = -2*z**3 - z**2 + 1. Let s(i) = -i**3 + 2*i**2 + 5*i**3 + 2*i - 3*i**3 + 2. Let d be s(-2). What is the remainder when x(d) is divided by 5?
3
Suppose d = 5*n + 14, -2*d = -5*n + 8*n - 28. Calculate the remainder when -159*((-2)/6 + 0) is divided by d.
11
Let h = 10 - 6. Let r(y) = -y**2 - 8*y - 10. What is the remainder when r(-4) is divided by h?
2
Let d be ((-30)/7)/(2/(-14)). Suppose -2*h = -0*h - d. Let w = -24 - -67. What is the remainder when w is divided by h?
13
Let o = -8 - -2. Calculate the remainder when (-291)/(-33) + o/(-33) is divided by 5.
4
Let q(x) = -5*x + 36. Calculate the remainder when 42 is divided by q(5).
9
Let d be (-6)/9 - (-8)/3. Let z be 2/d + 0 + 1. Suppose -z*v + 2*n + 66 = 0, -5*n + 31 = 2*v - 0. Calculate the remainder when v is divided by 10.
8
Let z(k) be the third derivative of k**4/24 - k**3/6 - k**2. Let t be z(-3). Let u(n) = n**2 + 3*n - 3. What is the remainder when 1 is divided by u(t)?
0
Let q = -2 + 2. Suppose 3*f - 2*h = q, -4*f + 6*f = -5*h + 19. Let p(s) = -s**3 + 6*s**2 - 5*s + 1. Calculate the remainder when f is divided by p(5).
0
Let f(w) = -w**2 - 5*w - 4. Let y = -5 + 2. Let r be f(y). Suppose 0 = -m + d + 32 + 3, r*d = m - 33. Calculate the remainder when m is divided by 13.
11
Suppose k = 3*k + 6. Let f(b) = b**2 + 2. Suppose 0 = -5*p + 2*p + 12. What is the remainder when f(k) is divided by p?
3
Let s(t) = 36*t + 4. Let d(x) = 4*x - 1. Let v be d(1). Let c be s(v). What is the remainder when 40 is divided by ((-3)/2)/((-12)/c)?
12
Suppose -3*v - t + 51 = 0, 5*v = 3*t - 29 + 114. Calculate the remainder when 67 is divided by v.
16
Suppose 0*b - 2*b = -3*v - 33, 3*b = v + 39. Calculate the remainder when 44 is divided by b.
8
Let a = -31 + 45. Suppose 2*v + 179 = 3*z - 0*v, 185 = 3*z + v. Let s = z - 21. What is the remainder when s is divided by a?
12
Suppose -36*c + 72 = -32*c. What is the remainder when 87 is divided by c?
15
Let w = 8 - 5. Suppose 5*z - 10 = 0, w*r + 2*z + 34 = 5*r. What is the remainder when 35 is divided by r?
16
Let w(p) = 26*p**2. What is the remainder when 101 is divided by w(-1)?
23
Suppose 16 = 2*i - 6. What is the remainder when (-125)/(-4) - (-3)/(-12) is divided by i?
9
Suppose 0 = 3*p + 2*p - 50. Calculate the remainder when p is divided by 4.
2
Suppose 7*c - 2*c + 3*k = 410, -3*k = 4*c - 325. Suppose 2*f - c = -3*f. What is the remainder when f is divided by 9?
8
Let w = 70 - -37. Let y = 234 - w. What is the remainder when y is divided by 32?
31
Let y(w) = -w**2 - 10*w - 19. What is the remainder when y(-6) is divided by 3?
2
Let q(g) = -g**2 - 9*g + 13. Let c be q(-10). Suppose 0 = 4*i + 2*z + 2*z - 16, c*z = -2*i + 4. What is the remainder when 22 is divided by i?
6
Let a(p) = 9*p**3 - p**2. Let d be a(1). Let l = d - 3. What is the remainder when l is divided by (-8)/(-6) - (-30)/18?
2
Suppose 3*b - 7 = 29. What is the remainder when 69 is divided by b?
9
What is the remainder when 183 is divided by (138/(-21))/(1/(-7))?
45
Suppose -286 = -3*u - 55. What is the remainder when u is divided by 20?
17
Let o = 100 - 69. What is the remainder when o is divided by 11?
9
Let l(y) = -y**3 + y**2 - 4*y - 2. Calculate the remainder when l(-3) is divided by 8.
6
Calculate the remainder when 51 is divided by 459/34*(1 - -1).
24
Suppose -5*m = 4*h - 73, h - 90 = -4*h - 5*m. Calculate the remainder when h is divided by 7.
3
Suppose -2*m - 44 = -5*g, -11 - 24 = -5*g + 5*m. Calculate the remainder when 25 is divided by g.
5
Let i(s) = 2*s + 6. Let k be i(7). Let p = 42 - k. What is the remainder when 43 is divided by p?
21
Suppose -r + 9*r - 136 = 0. Calculate the remainder when r is divided by 9.
8
Let s = 32 + -17. Let j = -81 + 90. Calculate the remainder when s is divided by j.
6
What is the remainder when 101 is divided by 9/(81/78)*3?
23
Suppose 0 = l - 4*r - 1, 0 = -5*l - 0*r - 4*r + 53. Let v = l - -18. Let g = v + -9. Calculate the remainder when 34 is divided by g.
16
Let r(m) = 3*m**3 - m**2 + 2*m. What is the remainder when 47 is divided by r(2)?
23
Suppose 5*u = 3*u + 12. Let x be (-9)/18*-4*1. Suppose -o = -3*i + 19, -x*i + u*o + 1 = 3*o. What is the remainder when 22 is divided by i?
6
Let p be (0 - 4)/(1/14). Let d = -27 - p. Calculate the remainder when d is divided by 15.
14
Let r(f) = f**3 + f + 24. Calculate the remainder when r(0) is divided by 16.
8
Let k(l) = -5*l + 1. Let j be k(-9). Let s(a) = -2*a**2 + 2*a - 1. Let r be s(-3). Let p = j + r. Calculate the remainder when p is divided by 11.
10
Let b(a) = -12*a**2 - 1. Let q be 2/(-5) + (-21)/(-15). Let v be b(q). Let o = v - -44. What is the remainder when o is divided by 11?
9
Suppose 4*y - 2 - 6 = 0. Suppose -25 - 51 = -y*i. Calculate the remainder when i is divided by 13.